{"id":16,"date":"2016-06-16T12:43:11","date_gmt":"2016-06-16T09:43:11","guid":{"rendered":"https:\/\/www.gencgrafik.com\/?page_id=16"},"modified":"2021-02-01T16:19:45","modified_gmt":"2021-02-01T13:19:45","slug":"insan-kaynaklari","status":"publish","type":"page","link":"https:\/\/www.gencgrafik.com\/index.php\/insan-kaynaklari\/","title":{"rendered":"\u0130nsan Kaynaklar\u0131"},"content":{"rendered":"\r\n\r\n\t\t\t<div class=\"descriptionbox desk mavi\">\r\n\t\t\t\t<div class=\"inner\">\r\n\t\t\t\t\t<div class=\"icon kurumsal\"><\/div>\r\n\t\t\t\t\t<div class=\"header\">\u0130nsan Kaynaklar\u0131 Formu<\/div>\r\n\t\t\t\t\t<div class=\"content\"><\/div>\r\n\t\t\t\t<\/div>\r\n\t\t\t<\/div>\r\n\r\n\t\t\n<div role=\"form\" class=\"wpcf7\" id=\"wpcf7-f15-o1\" lang=\"tr-TR\" dir=\"ltr\">\n<div class=\"screen-reader-response\"><\/div>\n<form action=\"\/index.php\/wp-json\/wp\/v2\/pages\/16#wpcf7-f15-o1\" method=\"post\" class=\"wpcf7-form\" novalidate=\"novalidate\">\n<div style=\"display: none;\">\n<input type=\"hidden\" name=\"_wpcf7\" value=\"15\" \/>\n<input type=\"hidden\" name=\"_wpcf7_version\" value=\"5.1.3\" \/>\n<input type=\"hidden\" name=\"_wpcf7_locale\" value=\"tr_TR\" \/>\n<input type=\"hidden\" name=\"_wpcf7_unit_tag\" value=\"wpcf7-f15-o1\" \/>\n<input type=\"hidden\" name=\"_wpcf7_container_post\" value=\"0\" \/>\n<\/div>\n<div class=\"safirIKForm\">\n<p>\nAd Soyad*<br \/>\n<span class=\"wpcf7-form-control-wrap adsoyad\"><input type=\"text\" name=\"adsoyad\" value=\"\" size=\"40\" class=\"wpcf7-form-control wpcf7-text wpcf7-validates-as-required\" aria-required=\"true\" aria-invalid=\"false\" \/><\/span>\n<\/p>\n<p>\nDo\u011fum Tarihi*<br \/>\n<span class=\"wpcf7-form-control-wrap dtarihi\"><input type=\"date\" name=\"dtarihi\" value=\"\" class=\"wpcf7-form-control wpcf7-date wpcf7-validates-as-required wpcf7-validates-as-date\" aria-required=\"true\" aria-invalid=\"false\" \/><\/span>\n<\/p>\n<p>\nDo\u011fum Yeri*<br \/>\n<span class=\"wpcf7-form-control-wrap dogumyeri\"><input type=\"text\" name=\"dogumyeri\" value=\"\" size=\"40\" class=\"wpcf7-form-control wpcf7-text wpcf7-validates-as-required\" aria-required=\"true\" aria-invalid=\"false\" \/><\/span>\n<\/p>\n<p>\nT.C Kimlik No*<br \/>\n<span class=\"wpcf7-form-control-wrap tckimlik\"><input type=\"text\" name=\"tckimlik\" value=\"\" size=\"40\" class=\"wpcf7-form-control wpcf7-text wpcf7-validates-as-required\" aria-required=\"true\" aria-invalid=\"false\" \/><\/span>\n<\/p>\n<p>\nCinsiyet*<br \/>\n<span class=\"wpcf7-form-control-wrap cinsiyet\"><select name=\"cinsiyet\" class=\"wpcf7-form-control wpcf7-select wpcf7-validates-as-required\" aria-required=\"true\" aria-invalid=\"false\"><option value=\"Se\u00e7iniz\">Se\u00e7iniz<\/option><option value=\"Erkek\">Erkek<\/option><option value=\"Bayan\">Bayan<\/option><\/select><\/span>\n<\/p>\n<p>\nMedeni Hal*<br \/>\n<span class=\"wpcf7-form-control-wrap medenihal\"><select name=\"medenihal\" class=\"wpcf7-form-control wpcf7-select wpcf7-validates-as-required\" aria-required=\"true\" aria-invalid=\"false\"><option value=\"Se\u00e7iniz\">Se\u00e7iniz<\/option><option value=\"Bekar\">Bekar<\/option><option value=\"Evli\">Evli<\/option><\/select><\/span>\n<\/p>\n<p>\nEhliyet (Tarih ve S\u0131n\u0131f)<br \/>\n<span class=\"wpcf7-form-control-wrap ehliyet\"><input type=\"text\" name=\"ehliyet\" value=\"\" size=\"40\" class=\"wpcf7-form-control wpcf7-text\" aria-invalid=\"false\" \/><\/span>\n<\/p>\n<p>\nAskerlik Durumu*<br \/>\n<span class=\"wpcf7-form-control-wrap askerlik\"><select name=\"askerlik\" class=\"wpcf7-form-control wpcf7-select wpcf7-validates-as-required\" aria-required=\"true\" aria-invalid=\"false\"><option value=\"Se\u00e7iniz\">Se\u00e7iniz<\/option><option value=\"Yap\u0131ld\u0131\">Yap\u0131ld\u0131<\/option><option value=\"Tecilli\">Tecilli<\/option><option value=\"Muaf\">Muaf<\/option><\/select><\/span>\n<\/p>\n<p>\nTelefon Numaras\u0131<br \/>\n<span class=\"wpcf7-form-control-wrap tel\"><input type=\"text\" name=\"tel\" value=\"\" size=\"40\" class=\"wpcf7-form-control wpcf7-text\" aria-invalid=\"false\" \/><\/span>\n<\/p>\n<p>\nCep Telefonu*<br \/>\n<span class=\"wpcf7-form-control-wrap gsm\"><input type=\"text\" name=\"gsm\" value=\"\" size=\"40\" class=\"wpcf7-form-control wpcf7-text wpcf7-validates-as-required\" aria-required=\"true\" aria-invalid=\"false\" \/><\/span>\n<\/p>\n<p>\nE-mail Adresi*<br \/>\n<span class=\"wpcf7-form-control-wrap email\"><input type=\"email\" name=\"email\" value=\"\" size=\"40\" class=\"wpcf7-form-control wpcf7-text wpcf7-email wpcf7-validates-as-required wpcf7-validates-as-email\" aria-required=\"true\" aria-invalid=\"false\" \/><\/span>\n<\/p>\n<p>\nKan Grubunuz<br \/>\n<span class=\"wpcf7-form-control-wrap kangrubu\"><input type=\"text\" name=\"kangrubu\" value=\"\" size=\"40\" class=\"wpcf7-form-control wpcf7-text\" aria-invalid=\"false\" \/><\/span>\n<\/p>\n<p class=\"full\">\nEv Adresi*<br \/>\n<span class=\"wpcf7-form-control-wrap evadresi\"><textarea name=\"evadresi\" cols=\"40\" rows=\"10\" class=\"wpcf7-form-control wpcf7-textarea wpcf7-validates-as-required\" aria-required=\"true\" aria-invalid=\"false\"><\/textarea><\/span>\n<\/p>\n<div class=\"title\">\u00d6\u011frenim Durumu ve Mesleki Bilgiler<\/div>\n<p>\n\u00d6\u011frenim durumunuz<br \/>\n<span class=\"wpcf7-form-control-wrap ogrenimdurumu\"><select name=\"ogrenimdurumu\" class=\"wpcf7-form-control wpcf7-select\" aria-invalid=\"false\"><option value=\"\u0130lkokul\">\u0130lkokul<\/option><option value=\"Ortaokul\">Ortaokul<\/option><option value=\"Lise\">Lise<\/option><option value=\"Y\u00fcksek Okul\">Y\u00fcksek Okul<\/option><option value=\"\u00dcniversite\">\u00dcniversite<\/option><option value=\"Y\u00fcksek Lisans\">Y\u00fcksek Lisans<\/option><\/select><\/span>\n<\/p>\n<p>\nEn son bitirdi\u011finiz okulun ad\u0131<br \/>\n<span class=\"wpcf7-form-control-wrap ensonbitenokul\"><input type=\"text\" name=\"ensonbitenokul\" value=\"\" size=\"40\" class=\"wpcf7-form-control wpcf7-text\" aria-invalid=\"false\" \/><\/span>\n<\/p>\n<p>\nMesle\u011finiz<br \/>\n<span class=\"wpcf7-form-control-wrap mesleginiz\"><input type=\"text\" name=\"mesleginiz\" value=\"\" size=\"40\" class=\"wpcf7-form-control wpcf7-text\" aria-invalid=\"false\" \/><\/span>\n<\/p>\n<p>\nBildi\u011finiz yabanc\u0131 diller<br \/>\n<span class=\"wpcf7-form-control-wrap yabancidil\"><input type=\"text\" name=\"yabancidil\" value=\"\" size=\"40\" class=\"wpcf7-form-control wpcf7-text\" aria-invalid=\"false\" \/><\/span>\n<\/p>\n<p>\n\u00c7al\u0131\u015fmak istedi\u011finiz b\u00f6l\u00fcm<br \/>\n<span class=\"wpcf7-form-control-wrap calismakistenilenbolum\"><input type=\"text\" name=\"calismakistenilenbolum\" value=\"\" size=\"40\" class=\"wpcf7-form-control wpcf7-text\" aria-invalid=\"false\" \/><\/span>\n<\/p>\n<p>\nBa\u015flayabilece\u011finiz tarih<br \/>\n<span class=\"wpcf7-form-control-wrap baslangictarihi\"><input type=\"date\" name=\"baslangictarihi\" value=\"\" class=\"wpcf7-form-control wpcf7-date wpcf7-validates-as-date\" aria-invalid=\"false\" \/><\/span>\n<\/p>\n<div class=\"title\">\u0130\u015f Deneyimleriniz<\/div>\n<p>\nEn son i\u015fyerinin ad\u0131<br \/>\n<span class=\"wpcf7-form-control-wrap isyeriadi\"><input type=\"text\" name=\"isyeriadi\" value=\"\" size=\"40\" class=\"wpcf7-form-control wpcf7-text\" aria-invalid=\"false\" \/><\/span>\n<\/p>\n<p>\nG\u00f6reviniz<br \/>\n<span class=\"wpcf7-form-control-wrap gorevi\"><input type=\"text\" name=\"gorevi\" value=\"\" size=\"40\" class=\"wpcf7-form-control wpcf7-text\" aria-invalid=\"false\" \/><\/span>\n<\/p>\n<p>\nBr\u00fct \u00dccret<br \/>\n<span class=\"wpcf7-form-control-wrap ucret\"><input type=\"text\" name=\"ucret\" value=\"\" size=\"40\" class=\"wpcf7-form-control wpcf7-text\" aria-invalid=\"false\" \/><\/span>\n<\/p>\n<p>\n\u00c7al\u0131\u015fma D\u00f6nemi<br \/>\n<span class=\"wpcf7-form-control-wrap calismadonemi\"><input type=\"text\" name=\"calismadonemi\" value=\"\" size=\"40\" class=\"wpcf7-form-control wpcf7-text\" aria-invalid=\"false\" \/><\/span>\n<\/p>\n<p>\nAyr\u0131l\u0131\u015f Nedeni<br \/>\n<span class=\"wpcf7-form-control-wrap ayrilisnedeni\"><input type=\"text\" name=\"ayrilisnedeni\" value=\"\" size=\"40\" class=\"wpcf7-form-control wpcf7-text\" aria-invalid=\"false\" \/><\/span>\n<\/p>\n<div class=\"title\">Hakk\u0131n\u0131zda Bilgi Alabilece\u011fimiz Ki\u015filer<\/div>\n<p>\nAd\u0131 ve Soyad\u0131<br \/>\n<span class=\"wpcf7-form-control-wrap refadsoyad\"><input type=\"text\" name=\"refadsoyad\" value=\"\" size=\"40\" class=\"wpcf7-form-control wpcf7-text\" aria-invalid=\"false\" \/><\/span>\n<\/p>\n<p>\nTelefonu<br \/>\n<span class=\"wpcf7-form-control-wrap reftel\"><input type=\"text\" name=\"reftel\" value=\"\" size=\"40\" class=\"wpcf7-form-control wpcf7-text\" aria-invalid=\"false\" \/><\/span>\n<\/p>\n<p>\nG\u00f6revi<br \/>\n<span class=\"wpcf7-form-control-wrap refgorevi\"><input type=\"text\" name=\"refgorevi\" value=\"\" size=\"40\" class=\"wpcf7-form-control wpcf7-text\" aria-invalid=\"false\" \/><\/span>\n<\/p>\n<p>\nYak\u0131nl\u0131\u011f\u0131n\u0131z<br \/>\n<span class=\"wpcf7-form-control-wrap refyakinlik\"><input type=\"text\" name=\"refyakinlik\" value=\"\" size=\"40\" class=\"wpcf7-form-control wpcf7-text\" aria-invalid=\"false\" \/><\/span>\n<\/p>\n<p class=\"full\">\nAdresi<br \/>\n<span class=\"wpcf7-form-control-wrap refadres\"><textarea name=\"refadres\" cols=\"40\" rows=\"10\" class=\"wpcf7-form-control wpcf7-textarea\" aria-invalid=\"false\"><\/textarea><\/span>\n<\/p>\n<p><input type=\"submit\" value=\"G\u00f6nder\" class=\"wpcf7-form-control wpcf7-submit\" \/>\n<\/p><\/div>\n<div class=\"wpcf7-response-output wpcf7-display-none\"><\/div><\/form><\/div>\n","protected":false},"excerpt":{"rendered":"","protected":false},"author":1,"featured_media":0,"parent":0,"menu_order":0,"comment_status":"closed","ping_status":"closed","template":"","meta":[],"_links":{"self":[{"href":"https:\/\/www.gencgrafik.com\/index.php\/wp-json\/wp\/v2\/pages\/16"}],"collection":[{"href":"https:\/\/www.gencgrafik.com\/index.php\/wp-json\/wp\/v2\/pages"}],"about":[{"href":"https:\/\/www.gencgrafik.com\/index.php\/wp-json\/wp\/v2\/types\/page"}],"author":[{"embeddable":true,"href":"https:\/\/www.gencgrafik.com\/index.php\/wp-json\/wp\/v2\/users\/1"}],"replies":[{"embeddable":true,"href":"https:\/\/www.gencgrafik.com\/index.php\/wp-json\/wp\/v2\/comments?post=16"}],"version-history":[{"count":3,"href":"https:\/\/www.gencgrafik.com\/index.php\/wp-json\/wp\/v2\/pages\/16\/revisions"}],"predecessor-version":[{"id":597,"href":"https:\/\/www.gencgrafik.com\/index.php\/wp-json\/wp\/v2\/pages\/16\/revisions\/597"}],"wp:attachment":[{"href":"https:\/\/www.gencgrafik.com\/index.php\/wp-json\/wp\/v2\/media?parent=16"}],"curies":[{"name":"wp","href":"https:\/\/api.w.org\/{rel}","templated":true}]}}